{"id":49,"date":"2016-04-19T13:05:37","date_gmt":"2016-04-19T13:05:37","guid":{"rendered":"https:\/\/olimpiadasescolares.moralzarzal.es\/?page_id=49"},"modified":"2026-04-16T07:47:41","modified_gmt":"2026-04-16T06:47:41","slug":"antorcha","status":"publish","type":"page","link":"https:\/\/olimpiadasescolares.moralzarzal.es\/?page_id=49","title":{"rendered":"Antorcha"},"content":{"rendered":"<p>[et_pb_section fb_built=\u00bb1&#8243; fullwidth=\u00bbon\u00bb admin_label=\u00bbSecci\u00f3n\u00bb _builder_version=\u00bb4.16&#8243; global_colors_info=\u00bb{}\u00bb][et_pb_fullwidth_header title=\u00bbRecorrido de la Antorcha Ol\u00edmpica\u00bb content_max_width=\u00bbnone\u00bb admin_label=\u00bbT\u00edtulo de anchura completa\u00bb _builder_version=\u00bb4.16&#8243; background_color=\u00bb#6aceb6&#8243; button_one_letter_spacing_hover=\u00bb0&#8243; button_two_letter_spacing_hover=\u00bb0&#8243; global_colors_info=\u00bb{}\u00bb button_one_text_size__hover_enabled=\u00bboff\u00bb button_two_text_size__hover_enabled=\u00bboff\u00bb button_one_text_color__hover_enabled=\u00bboff\u00bb button_two_text_color__hover_enabled=\u00bboff\u00bb button_one_border_width__hover_enabled=\u00bboff\u00bb button_two_border_width__hover_enabled=\u00bboff\u00bb button_one_border_color__hover_enabled=\u00bboff\u00bb button_two_border_color__hover_enabled=\u00bboff\u00bb button_one_border_radius__hover_enabled=\u00bboff\u00bb button_two_border_radius__hover_enabled=\u00bboff\u00bb button_one_letter_spacing__hover_enabled=\u00bbon\u00bb button_one_letter_spacing__hover=\u00bb0&#8243; button_two_letter_spacing__hover_enabled=\u00bbon\u00bb button_two_letter_spacing__hover=\u00bb0&#8243; button_one_bg_color__hover_enabled=\u00bboff\u00bb button_two_bg_color__hover_enabled=\u00bboff\u00bb] [\/et_pb_fullwidth_header][\/et_pb_section][et_pb_section fb_built=\u00bb1&#8243; admin_label=\u00bbsection\u00bb _builder_version=\u00bb4.16&#8243; global_colors_info=\u00bb{}\u00bb][et_pb_row column_structure=\u00bb1_2,1_2&#8243; admin_label=\u00bbrow\u00bb _builder_version=\u00bb4.16&#8243; background_size=\u00bbinitial\u00bb background_position=\u00bbtop_left\u00bb background_repeat=\u00bbrepeat\u00bb global_colors_info=\u00bb{}\u00bb][et_pb_column type=\u00bb1_2&#8243; _builder_version=\u00bb4.16&#8243; custom_padding=\u00bb|||\u00bb global_colors_info=\u00bb{}\u00bb custom_padding__hover=\u00bb|||\u00bb][et_pb_text admin_label=\u00bbTexto\u00bb _builder_version=\u00bb4.27.6&#8243; background_size=\u00bbinitial\u00bb background_position=\u00bbtop_left\u00bb background_repeat=\u00bbrepeat\u00bb hover_enabled=\u00bb0&#8243; use_border_color=\u00bboff\u00bb border_color=\u00bb#ffffff\u00bb border_style=\u00bbsolid\u00bb global_colors_info=\u00bb{}\u00bb sticky_enabled=\u00bb0&#8243;]<\/p>\n<p>La ma\u00f1ana del martes 5 de mayo, la antorcha ol\u00edmpica partir\u00e1 del colegio Fontenebro, pasando por el colegio San Miguel, El Raso y Leonardo Da Vinci, para llegar a su destino final, la Plaza de la Constituci\u00f3n de Moralzarzal, y all\u00ed encender la llama ol\u00edmpica, dando comienzo as\u00ed las XIII Olimpiadas Escolares de Moralzarzal 2026.<\/p>\n<p>[\/et_pb_text][et_pb_text admin_label=\u00bbTexto\u00bb _builder_version=\u00bb4.16&#8243; background_size=\u00bbinitial\u00bb background_position=\u00bbtop_left\u00bb background_repeat=\u00bbrepeat\u00bb use_border_color=\u00bboff\u00bb border_color=\u00bb#ffffff\u00bb border_style=\u00bbsolid\u00bb global_colors_info=\u00bb{}\u00bb]<\/p>\n<h3>Recorrido de la antorcha ol\u00edmpica:<\/h3>\n<ul>\n<li>SALIDA ANTORCHA: FONTENEBRO. 11:15 horas.<\/li>\n<li>RELEVO 1: SAN MIGUEL. 11:25 horas.<\/li>\n<li>RELEVO 2: EL RASO. 11:35 horas.<\/li>\n<li>RELEVO 3: LEONARDO DA VINCI: 11:50 horas<\/li>\n<li>LLEGADA CONJUNTA DE LOS RELEVISTAS DE LOS 4 COLEGIOS A LA PLAZA DE LA CONSTITUCI\u00d3N: 12:05 horas.<\/li>\n<li>ENCENDIDO DE LA LLAMA OL\u00cdMPICA.<\/li>\n<\/ul>\n<p>[\/et_pb_text][\/et_pb_column][et_pb_column type=\u00bb1_2&#8243; _builder_version=\u00bb4.16&#8243; custom_padding=\u00bb|||\u00bb global_colors_info=\u00bb{}\u00bb custom_padding__hover=\u00bb|||\u00bb][et_pb_image src=\u00bbhttps:\/\/olimpiadasescolares.moralzarzal.es\/wp-content\/uploads\/2024\/04\/Antorcha-XI-Olimpiadas-Escolares-de-Moralzarzal-24-25-y-26-de-abril.jpg\u00bb title_text=\u00bbAntorcha XI-Olimpiadas-Escolares-de-Moralzarzal-24-25-y-26-de-abril\u00bb _builder_version=\u00bb4.23.4&#8243; _module_preset=\u00bbdefault\u00bb width=\u00bb82%\u00bb global_colors_info=\u00bb{}\u00bb][\/et_pb_image][\/et_pb_column][\/et_pb_row][et_pb_row admin_label=\u00bbFila\u00bb _builder_version=\u00bb4.16&#8243; background_size=\u00bbinitial\u00bb background_position=\u00bbtop_left\u00bb background_repeat=\u00bbrepeat\u00bb global_colors_info=\u00bb{}\u00bb][et_pb_column type=\u00bb4_4&#8243; _builder_version=\u00bb4.16&#8243; custom_padding=\u00bb|||\u00bb global_colors_info=\u00bb{}\u00bb custom_padding__hover=\u00bb|||\u00bb][et_pb_text admin_label=\u00bbTexto\u00bb _builder_version=\u00bb4.16&#8243; background_size=\u00bbinitial\u00bb background_position=\u00bbtop_left\u00bb background_repeat=\u00bbrepeat\u00bb use_border_color=\u00bboff\u00bb border_color=\u00bb#ffffff\u00bb border_style=\u00bbsolid\u00bb global_colors_info=\u00bb{}\u00bb]<\/p>\n<h5>La antorcha recorrer\u00e1 los cuatro Centros de Educaci\u00f3n Primaria de Moralzarzal. En todo momento, los corredores y profesores ser\u00e1n acompa\u00f1ados por Polic\u00eda Local y Protecci\u00f3n Civil.<\/h5>\n<p>[\/et_pb_text][\/et_pb_column][\/et_pb_row][\/et_pb_section]<\/p>\n","protected":false},"excerpt":{"rendered":"<p>La ma\u00f1ana del martes 5 de mayo, la antorcha ol\u00edmpica partir\u00e1 del colegio Fontenebro, pasando por el colegio San Miguel, El Raso y Leonardo Da Vinci, para llegar a su destino final, la Plaza de la Constituci\u00f3n de Moralzarzal, y all\u00ed encender la llama ol\u00edmpica, dando comienzo as\u00ed las XIII Olimpiadas Escolares de Moralzarzal 2026.Recorrido [&hellip;]<\/p>\n","protected":false},"author":2,"featured_media":0,"parent":0,"menu_order":0,"comment_status":"closed","ping_status":"closed","template":"","meta":{"_et_pb_use_builder":"on","_et_pb_old_content":"","_et_gb_content_width":"","footnotes":""},"class_list":["post-49","page","type-page","status-publish","hentry"],"_links":{"self":[{"href":"https:\/\/olimpiadasescolares.moralzarzal.es\/index.php?rest_route=\/wp\/v2\/pages\/49","targetHints":{"allow":["GET"]}}],"collection":[{"href":"https:\/\/olimpiadasescolares.moralzarzal.es\/index.php?rest_route=\/wp\/v2\/pages"}],"about":[{"href":"https:\/\/olimpiadasescolares.moralzarzal.es\/index.php?rest_route=\/wp\/v2\/types\/page"}],"author":[{"embeddable":true,"href":"https:\/\/olimpiadasescolares.moralzarzal.es\/index.php?rest_route=\/wp\/v2\/users\/2"}],"replies":[{"embeddable":true,"href":"https:\/\/olimpiadasescolares.moralzarzal.es\/index.php?rest_route=%2Fwp%2Fv2%2Fcomments&post=49"}],"version-history":[{"count":9,"href":"https:\/\/olimpiadasescolares.moralzarzal.es\/index.php?rest_route=\/wp\/v2\/pages\/49\/revisions"}],"predecessor-version":[{"id":3085,"href":"https:\/\/olimpiadasescolares.moralzarzal.es\/index.php?rest_route=\/wp\/v2\/pages\/49\/revisions\/3085"}],"wp:attachment":[{"href":"https:\/\/olimpiadasescolares.moralzarzal.es\/index.php?rest_route=%2Fwp%2Fv2%2Fmedia&parent=49"}],"curies":[{"name":"wp","href":"https:\/\/api.w.org\/{rel}","templated":true}]}}